at is the greatest common factor of 1817 and 79?
79
What is the greatest common divisor of 23000 and 23?
23
What is the highest common divisor of 186 and 1209?
93
What is the greatest common factor of 1615 and 95?
95
What is the greatest common divisor of 105 and 330?
15
What is the highest common factor of 12064 and 32?
32
Calculate the highest common divisor of 76 and 304.
76
Calculate the highest common factor of 6972 and 21.
21
Calculate the greatest common divisor of 1428 and 21.
21
What is the highest common factor of 60 and 16?
4
Calculate the greatest common divisor of 24 and 408.
24
Calculate the highest common factor of 52 and 1664.
52
What is the greatest common factor of 20748 and 13?
13
Calculate the greatest common divisor of 306 and 36.
18
Calculate the highest common factor of 1725 and 75.
75
What is the greatest common factor of 230 and 50?
10
Calculate the greatest common factor of 708 and 192.
12
What is the greatest common divisor of 3333 and 33?
33
What is the highest common divisor of 58 and 7424?
58
What is the highest common divisor of 1410 and 210?
30
Calculate the greatest common factor of 72 and 1800.
72
What is the highest common divisor of 130 and 310?
10
Calculate the greatest common divisor of 999 and 148.
37
Calculate the highest common factor of 6 and 534.
6
What is the highest common factor of 186 and 5921?
31
Calculate the highest common factor of 135 and 720.
45
Calculate the highest common factor of 14 and 1134.
14
Calculate the highest common factor of 279 and 1209.
93
Calculate the highest common factor of 1089 and 9.
9
What is the highest common divisor of 18 and 26?
2
Calculate the greatest common factor of 56 and 2436.
28
Calculate the greatest common divisor of 7 and 567.
7
Calculate the highest common divisor of 704 and 209.
11
What is the highest common factor of 61 and 4270?
61
What is the highest common divisor of 858 and 312?
78
What is the highest common factor of 9943 and 122?
61
What is the highest common divisor of 10 and 20?
10
What is the greatest common factor of 416 and 78?
26
What is the highest common divisor of 520 and 325?
65
What is the greatest common factor of 135 and 135?
135
What is the highest common divisor of 33 and 11?
11
Calculate the greatest common factor of 3084 and 36.
12
Calculate the greatest common factor of 165 and 45.
15
What is the greatest common factor of 992 and 4836?
124
Calculate the greatest common divisor of 96 and 2328.
24
Calculate the highest common factor of 696 and 1992.
24
What is the highest common divisor of 348 and 13137?
87
What is the highest common divisor of 24 and 200?
8
Calculate the greatest common factor of 34 and 306.
34
Calculate the greatest common divisor of 76 and 437.
19
Calculate the highest common divisor of 98073 and 153.
153
Calculate the greatest common factor of 210 and 120.
30
Calculate the highest common factor of 720 and 32.
16
What is the highest common divisor of 20976 and 57?
57
What is the highest common divisor of 1430 and 10?
10
What is the highest common factor of 3 and 24?
3
What is the highest common divisor of 598 and 1170?
26
What is the greatest common divisor of 225 and 36?
9
Calculate the greatest common divisor of 20 and 120.
20
What is the greatest common factor of 1749 and 53?
53
Calculate the highest common factor of 234 and 6.
6
What is the highest common divisor of 4 and 17?
1
What is the greatest common factor of 58 and 725?
29
What is the highest common factor of 2360 and 56?
8
What is the highest common factor of 90 and 15?
15
Calculate the greatest common factor of 1793 and 11.
11
Calculate the highest common divisor of 406 and 116.
58
Calculate the highest common divisor of 13 and 5135.
13
What is the highest common factor of 23 and 5911?
23
Calculate the greatest common factor of 54 and 18738.
54
What is the greatest common divisor of 18 and 45?
9
Calculate the highest common factor of 13970 and 110.
110
Calculate the highest common divisor of 243 and 9.
9
Calculate the greatest common factor of 180 and 500.
20
Calculate the highest common divisor of 36 and 4383.
9
Calculate the greatest common divisor of 14 and 3598.
14
What is the highest common divisor of 6523 and 22?
11
What is the greatest common divisor of 52 and 3874?
26
Calculate the greatest common divisor of 79 and 2.
1
What is the highest common divisor of 3601 and 26?
13
Calculate the highest common factor of 8 and 488.
8
What is the greatest common divisor of 252 and 1134?
126
What is the highest common divisor of 1050 and 90?
30
Calculate the highest common divisor of 9944 and 176.
88
What is the greatest common divisor of 36 and 7068?
12
What is the greatest common factor of 46800 and 52?
52
What is the highest common divisor of 1 and 2707?
1
Calculate the greatest common factor of 2556 and 9.
9
What is the greatest common factor of 7693 and 157?
157
Calculate the greatest common divisor of 17955 and 135.
135
Calculate the greatest common factor of 3397 and 79.
79
Calculate the highest common factor of 667 and 87.
29
What is the greatest common factor of 48 and 228?
12
What is the highest common factor of 12 and 30?
6
What is the highest common divisor of 138 and 23?
23
Calculate the highest common factor of 8 and 180.
4
What is the highest common divisor of 74 and 222?
74
Calculate the greatest common factor of 2168 and 8.
8
What is the highest common divisor of 56 and 308?
28
Calculate the highest common factor of 923 and 4189.
71
Calculate the highest common factor of 648 and 28.
4
Calculate the greatest common factor of 20 and 115.
5
Calculate the greatest common factor of 9 and 63.
9
What is the highest common divisor of 31 and 279?
31
Calculate the highest common divisor of 31 and 527.
31
What is the greatest common factor of 350 and 28?
14
What is the greatest common divisor of 188 and 8?
4
Calculate the highest common divisor of 174 and 899.
29
Calculate the highest common factor of 1525 and 50.
25
What is the highest common divisor of 306 and 663?
51
What is the greatest common factor of 70 and 3010?
70
What is the greatest common factor of 48 and 912?
48
Calculate the highest common factor of 6440 and 210.
70
Calculate the highest common divisor of 156 and 90.
6
Calculate the highest common divisor of 33 and 517.
11
Calculate the greatest common factor of 5 and 2930.
5
What is the highest common divisor of 1557 and 72?
9
What is the greatest common factor of 216 and 1368?
72
What is the greatest common factor of 78 and 702?
78
Calculate the greatest common divisor of 5 and 3.
1
Calculate the greatest common factor of 1428 and 102.
102
Calculate the greatest common factor of 1 and 53.
1
Calculate the greatest common divisor of 25 and 55.
5
What is the highest common factor of 310 and 1767?
31
What is the highest common factor of 48 and 1008?
48
Calculate the greatest common divisor of 435 and 90.
15
What is the highest common factor of 231 and 264?
33
What is the greatest common divisor of 1100 and 150?
50
What is the highest common factor of 29 and 46603?
29
What is the greatest common factor of 20 and 270?
10
What is the greatest common divisor of 45 and 495?
45
Calculate the greatest common divisor of 9 and 57.
3
What is the highest common factor of 232 and 16?
8
What is the highest common factor of 2475 and 11?
11
What is the highest common divisor of 414 and 18?
18
What is the highest common factor of 4761 and 27?
9
Calculate the highest common factor of 144 and 14448.
48
What is the greatest common divisor of 49062 and 156?
78
What is the highest common factor of 29 and 232?
29
What is the highest common divisor of 560 and 240?
80
What is the highest common factor of 9 and 7083?
9
Calculate the greatest common factor of 43253 and 259.
259
Calculate the highest common divisor of 700 and 5740.
140
What is the greatest common factor of 75 and 525?
75
What is the greatest common factor of 2950 and 30?
10
What is the highest common divisor of 6 and 1322?
2
What is the greatest common divisor of 38 and 323?
19
What is the greatest common divisor of 16 and 400?
16
What is the greatest common factor of 225 and 369?
9
What is the highest common factor of 270 and 7650?
90
Calculate the highest common factor of 36 and 1344.
12
